9*y - 2 + 11 = 0. Let z(d) = -d. Let v(q) = y*h(q) + 3*z(q). List the prime factors of v(4).
2, 3, 5
Let x be 0/(182/70 - 6/10). Let p(i) = -i**3 + 2*i**2 + 7*i + 1305. List the prime factors of p(x).
3, 5, 29
Suppose -25 + 29 = 2*k. Suppose 3*v - 14 = k*w, -5*w = -3*v - 10*w - 14. List the prime factors of v.
2
Let r = -3048 + 5648. What are the prime factors of r?
2, 5, 13
Suppose 0 = -2*u + 5*u - l - 13, 0 = -4*u + l + 18. Let n(j) = 0 + 2*j - 2*j - u + 8*j. What are the prime factors of n(5)?
5, 7
What are the prime factors of 4 + (34984/8 - -8) + 3?
2, 1097
Let j be 32/(-10)*30/12. Let v(w) = -167*w - 61. What are the prime factors of v(j)?
3, 5, 17
What are the prime factors of (-187)/374*13138/(-1)?
6569
Let i(s) = 17706*s + 1181. What are the prime factors of i(3)?
7, 7757
Suppose 12*y = -8*y + 445210 + 478750. What are the prime factors of y?
2, 23099
Suppose 2*a - 3*h = a + 439, 0 = -3*a - 2*h + 1284. Suppose t + a = 6*t - 4*k, -430 = -5*t + 2*k. Let d = t + -69. List the prime factors of d.
17
Suppose 0 = -3*r + 2*a - 49 - 3, 3*r - 3*a = -48. Let y be (-1 - (-172)/r)/(6/(-3160)). What are the prime factors of (-8 - y/(-56)) + (-2)/7?
2, 41
Let q = -4084 - -12761. List the prime factors of q.
8677
Let g = -13870 + 19557. What are the prime factors of g?
11, 47
Suppose 2*u = 3*j + 153, -8*j + 9*j - 4*u = -41. Let a = 276 + j. List the prime factors of a.
223
Let a(k) = 52*k + 129. Let l be a(14). Suppose 0 = l*i - 855*i - 390. List the prime factors of i.
3, 5, 13
Let v(f) = -f**3 - 3*f**2 + 53*f - 7. Let r be v(-9). Let x(y) = 0 + 19*y - 2 - 4*y - 9. List the prime factors of x(r).
19
Let o(m) = -14*m + 8. Let h = 22 + -6. Suppose 0 = 5*u - 0*u - 3*r + 40, 2*u + h = 4*r. List the prime factors of o(u).
2, 3, 5
Let q(l) = 2666 - 32*l - 6*l - 2836. List the prime factors of q(-31).
2, 3, 7
Suppose 2*d + 34*p - 126413 = 31*p, -5*p = -35. List the prime factors of d.
2, 7, 37, 61
Let y be (0 - 0)*(6 + -5). Suppose y = -2*f + 7*f - 3*f. Suppose f*d + d = 63. What are the prime factors of d?
3, 7
Suppose -48*z - 184*z - 1 = -1. Suppose -4*h - 73 = -g - 4*g, g = -4*h + 29. Suppose z = -y + g + 1. What are the prime factors of y?
2, 3
Suppose 52*d + 13*d = 34*d + 338179. List the prime factors of d.
10909
Suppose 6128 = 15*l - 997. Let x be -302*(-2)/(1 - 3). Let i = l + x. List the prime factors of i.
173
Suppose s + 3*s + 30 = 2*w, 5*s = 2*w - 30. Suppose 5*p = -2*j + w, -26 - 3 = -5*j - 4*p. Suppose -72 - 18 = -j*t. List the prime factors of t.
2, 3
Suppose -729576 - 289170 = -18*t. List the prime factors of t.
56597
Suppose 0 = 5*l + 3*b - 1778, -4*b + 1325 = 4*l - 91. Let w = 1073 - l. List the prime factors of w.
5, 11, 13
What are the prime factors of ((-208)/36)/((-232)/2015964)?
2, 13, 1931
Suppose -4*s - 40 + 52 = 0. Suppose 51 = x - 4*m + 2*m, -5*x + s*m = -283. What are the prime factors of 2/(-4)*-2*x?
59
What are the prime factors of (-2 + 0 + -8632)*-35*(-7)/(-70)?
3, 7, 1439
Let k(f) = f**3 + 3*f**2 - 2. Let z be k(-2). Suppose -9*l - 337 = -355. Suppose -z*t + 5*t = -2*i + 62, l*t - 28 = -4*i. List the prime factors of t.
2, 3
Suppose -2*u - 6*n - 122 = -3*n, 0 = u + 5*n + 75. Let i = 260 + u. What are the prime factors of i?
5, 41
Suppose -295 - 869 = 2*i. Let z = -576 - i. List the prime factors of z.
2, 3
Suppose 852*s = 846*s - 54. List the prime factors of (s - 191)/((-2)/3).
2, 3, 5
Let a = -559 - -840. Let c = a - -168. What are the prime factors of c?
449
Let o be (-1)/(5/2) + 8/20. Suppose 9*q - 652 - 167 = o. Suppose z + 147 = 2*c - 57, -q = -c - 5*z. List the prime factors of c.
101
Let m(y) = -50469*y + 63. What are the prime factors of m(-1)?
2, 3, 4211
Suppose 64*j + 8 = 68*j. Suppose j*k - 14 = -4. Suppose -k*q + 2*h = -735, 118 = 2*q - 5*h - 176. What are the prime factors of q?
3, 7
Let v(l) = 67 - 59 + 28 + 3*l**2 + 0*l**2 - 113*l. What are the prime factors of v(40)?
2, 79
Let k be 1 - (7 - 4) - 1. Let u(v) = v + 6. Let t be u(k). Suppose 12 = -4*c, 0 = -5*q + 2*c + t*c + 85. What are the prime factors of q?
2, 7
Suppose -n + 3*o = -245, -5*n = -o + 4*o - 1315. What are the prime factors of n*(-7 + 125/10)?
2, 5, 11, 13
Let r(g) = -14*g - 5. Suppose 4*y - 10 = 2. Let p be r(y). What are the prime factors of (p + 2 + 2)*-1?
43
Let r(v) = -2*v**2 + 19*v + 93. Let k be r(13). Suppose 6 = k*d, m + 5*d = 385 + 249. What are the prime factors of m?
619
Suppose 0 = c + 4*h + 296, -3*c + c - 5*h = 601. Let y = -116 - c. What are the prime factors of y?
2, 3
Let l = -79 - -76. Let f(v) = 39*v + 6. Let j(y) = 78*y + 13. Let t(s) = -13*f(s) + 6*j(s). What are the prime factors of t(l)?
3, 13
Let f be (14*6/(-12))/((-2)/10). Suppose -5*b = 3*s - 21, -s + 2*b - f = -6*s. Suppose -v - s = -38. What are the prime factors of v?
31
Suppose -102*q + 89*q = -362570. List the prime factors of q.
2, 5, 2789
Suppose h = j - h - 15, -5*j + 5*h + 50 = 0. Suppose -3*t + 360 + 1381 = j*f, 0 = -t - 3. List the prime factors of f.
2, 5, 7
Suppose 0 = 3*w - 0 - 15. Suppose 4*d - 106 = 3*b, w*d - 12 - 61 = 2*b. Let t = b + 102. List the prime factors of t.
2, 17
Suppose -4*n + 2376 + 3830 = 2*m, -n + 5*m = -1535. Suppose 5*y - n = -2*u - 3*u, 4*u = -2*y + 1238. List the prime factors of u.
3, 103
List the prime factors of (539472/120)/((-6)/(-15)).
11239
Let p(m) = 1630*m - 157. List the prime factors of p(9).
23, 631
Let u = -54 + 54. Suppose 4*q = 4*o + 1088, u = -o + 5*o + 2*q + 1094. What are the prime factors of o/(-11) - (-3)/(-66)*-4?
5
Let w = -67 + 72. Suppose w*t + 50 = 2*v, 12 = 5*v + 3*t - 51. Let a = v + 1. List the prime factors of a.
2
Suppose l + 415 = -4*l. Let j be 12/(-9) + 3 - 3899/21. Let n = l - j. What are the prime factors of n?
101
Let q(t) = 50*t**2 + 79*t + 230. What are the prime factors of q(-11)?
7, 773
Let g = 17 + 1. Suppose 2*w = 182 + g. List the prime factors of w.
2, 5
Let o(l) = 13*l**2 + 16*l - 14. Let k be o(-13). List the prime factors of ((-8)/10)/((-5)/k) - 5.
311
Suppose -120 = -3*h - 3*z, 2*h - 68 = -z + 3*z. List the prime factors of (-15362)/(-12) - (h/6 - 6).
2, 5
Let w = -15 - -36. Let n(l) = -l**3 + 21*l**2 - 7. Let v be n(w). Let x(b) = b**3 + 7*b**2 - 16*b - 3. What are the prime factors of x(v)?
109
What are the prime factors of (-1 - 0)*950152/(-376)?
7, 19
Suppose -4*b = 3*c - 10109, -2*b = 3*c - 5568 - 4549. What are the prime factors of c?
3, 5
Let q be ((-4)/10)/(2/140). Let m be (-4 - 146)*q/10. Suppose 3*t = -3*t + m. List the prime factors of t.
2, 5, 7
Let c(u) = 7*u**3 - 24*u**2 + 7*u + 363. List the prime factors of c(17).
7, 13, 307
Let y = -4951 - -17318. Suppose -2753 = -28*d + y. List the prime factors of d.
2, 3, 5
List the prime factors of 8905 - (-7 - (-10 - -2)).
2, 3, 7, 53
Let w(q) = 1114*q - 1941. List the prime factors of w(14).
5, 2731
Suppose 37*i = -31*i + 43*i + 420700. List the prime factors of i.
2, 7, 601
Suppose 62 = 11*t + 7. Suppose -3327 - 908 = -t*g. What are the prime factors of g?
7, 11
Suppose -3*h = -5*v - 15, 0 = -2*h - v - 0 - 3. Suppose -2*d + 2842 = -3*m, h = 4*d + m - 4054 - 1644. What are the prime factors of d?
2, 89
Let t(w) = 2*w**3 - 22*w**2 - 33*w - 3. Suppose 57 = 8*l - 47. List the prime factors of t(l).
2, 61
Let h = -11902 + 20196. List the prime factors of h.
2, 11, 13, 29
Let k be (15/12)/((-2)/(-136)). What are the prime factors of 4 - ((-1428)/k)/((-2)/(-30))?
2
Let x(c) = -c**2 - 4*c + 25. Let d be x(-7). Suppose d*l - 1214 = -154. List the prime factors of l.
5, 53
Suppose -29 - 15 = 22*n. List the prime factors of (25972/129)/(n/(-3)).
2, 151
Let x be (1 + -3)*(-281)/2. Let m = x + -193. Suppose -b = 8 - m. What are the prime factors of b?
2, 5
Let h = 22284 + -9605. What are the prime factors of h?
31, 409
Let a(y) = 194*y**2 - 414*y - 13. What are the prime factors of a(12)?
5, 4591
Let d = -906 - -2188. Suppose -324 + d = 2*x. Suppose -6*f = 35 - x. What are the prime factors of f?
2, 37
Suppose 4570 = -7*u + 25101. List the prime factors of u.
7, 419
Suppose 82*k = 3378701 + 969103. What are the prime factors of k?
2, 3, 8837
Let u = 119794 + -39852. What are the prime factors of u?
2, 39971
Let o = -65 + 69. Suppose 0 = 4*l - 2*t + 6*t - 168, 5*t - 164 = -o*l. Suppose 0 = -7*k + 115 + l. What are the prime factors 